{"id":12,"date":"2024-02-04T22:08:29","date_gmt":"2024-02-04T21:08:29","guid":{"rendered":"http:\/\/bokaycreations.fr\/?page_id=12"},"modified":"2026-02-03T20:06:27","modified_gmt":"2026-02-03T19:06:27","slug":"contact","status":"publish","type":"page","link":"https:\/\/bokaycreations.fr\/index.php\/contact\/","title":{"rendered":"Contact"},"content":{"rendered":"\n<figure class=\"wp-block-gallery alignwide has-nested-images columns-default is-cropped wp-block-gallery-1 is-layout-flex wp-block-gallery-is-layout-flex\">\n<figure class=\"wp-block-image size-full\"><img loading=\"lazy\" decoding=\"async\" width=\"1921\" height=\"2401\" data-id=\"9912\" src=\"https:\/\/bokaycreations.fr\/wp-content\/uploads\/2026\/02\/FullSizeRender.jpeg\" alt=\"Boucles d'oreilles Nuage &amp; Goutte Vert \u00c9meraude\" class=\"wp-image-9912\" style=\"aspect-ratio:16\/9\" srcset=\"https:\/\/bokaycreations.fr\/wp-content\/uploads\/2026\/02\/FullSizeRender.jpeg 1921w, https:\/\/bokaycreations.fr\/wp-content\/uploads\/2026\/02\/FullSizeRender-240x300.jpeg 240w, https:\/\/bokaycreations.fr\/wp-content\/uploads\/2026\/02\/FullSizeRender-819x1024.jpeg 819w, https:\/\/bokaycreations.fr\/wp-content\/uploads\/2026\/02\/FullSizeRender-768x960.jpeg 768w, https:\/\/bokaycreations.fr\/wp-content\/uploads\/2026\/02\/FullSizeRender-1229x1536.jpeg 1229w, https:\/\/bokaycreations.fr\/wp-content\/uploads\/2026\/02\/FullSizeRender-1639x2048.jpeg 1639w, https:\/\/bokaycreations.fr\/wp-content\/uploads\/2026\/02\/FullSizeRender-562x702.jpeg 562w\" sizes=\"auto, (max-width: 1921px) 100vw, 1921px\" \/><figcaption class=\"wp-element-caption\">Boucles d&rsquo;oreilles Nuage &#038; Goutte Vert \u00c9meraude<\/figcaption><\/figure>\n\n\n\n<figure class=\"wp-block-image size-full\" style=\"margin-top:0;margin-bottom:0\"><img loading=\"lazy\" decoding=\"async\" width=\"2048\" height=\"2560\" data-id=\"9855\" src=\"https:\/\/bokaycreations.fr\/wp-content\/uploads\/2025\/12\/IMG_5670-1-scaled.jpeg\" alt=\"Boucles d'oreilles Copper Vert \u00c9meraude\" class=\"wp-image-9855\" style=\"aspect-ratio:16\/9\" srcset=\"https:\/\/bokaycreations.fr\/wp-content\/uploads\/2025\/12\/IMG_5670-1-scaled.jpeg 2048w, https:\/\/bokaycreations.fr\/wp-content\/uploads\/2025\/12\/IMG_5670-1-240x300.jpeg 240w, https:\/\/bokaycreations.fr\/wp-content\/uploads\/2025\/12\/IMG_5670-1-819x1024.jpeg 819w, https:\/\/bokaycreations.fr\/wp-content\/uploads\/2025\/12\/IMG_5670-1-768x960.jpeg 768w, https:\/\/bokaycreations.fr\/wp-content\/uploads\/2025\/12\/IMG_5670-1-1229x1536.jpeg 1229w, https:\/\/bokaycreations.fr\/wp-content\/uploads\/2025\/12\/IMG_5670-1-1638x2048.jpeg 1638w, https:\/\/bokaycreations.fr\/wp-content\/uploads\/2025\/12\/IMG_5670-1-562x703.jpeg 562w\" sizes=\"auto, (max-width: 2048px) 100vw, 2048px\" \/><figcaption class=\"wp-element-caption\">Boucles d&rsquo;oreilles Copper Vert \u00c9meraude<\/figcaption><\/figure>\n<\/figure>\n\n\n\n<p>Une question ? Une demande ? \u00c9crivez-nous !<\/p>\n\n\n\n<p>Un mod\u00e8le vous pla\u00eet mais pas la couleur, \u00e9crivez-nous !<\/p>\n\n\n\n<p><\/p>\n\n\n<div class=\"wp-block-jetpack-contact-form is-layout-flex wp-container-jetpack-contact-form-is-layout-2b4208ba wp-block-jetpack-contact-form-is-layout-flex\"><a href=\"https:\/\/bokaycreations.fr\/index.php\/contact\/\" target=\"_blank\" rel=\"noopener noreferrer\">Soumettre un formulaire.<\/a><\/div>\n\n\n<p><\/p>\n","protected":false},"excerpt":{"rendered":"<p>Une question ? Une demande ? \u00c9crivez-nous ! Un mod\u00e8le vous pla\u00eet mais pas la couleur, \u00e9crivez-nous !<\/p>\n","protected":false},"author":1,"featured_media":0,"parent":0,"menu_order":0,"comment_status":"closed","ping_status":"closed","template":"","meta":{"footnotes":""},"class_list":["post-12","page","type-page","status-publish","hentry"],"jetpack_sharing_enabled":true,"_links":{"self":[{"href":"https:\/\/bokaycreations.fr\/index.php\/wp-json\/wp\/v2\/pages\/12","targetHints":{"allow":["GET"]}}],"collection":[{"href":"https:\/\/bokaycreations.fr\/index.php\/wp-json\/wp\/v2\/pages"}],"about":[{"href":"https:\/\/bokaycreations.fr\/index.php\/wp-json\/wp\/v2\/types\/page"}],"author":[{"embeddable":true,"href":"https:\/\/bokaycreations.fr\/index.php\/wp-json\/wp\/v2\/users\/1"}],"replies":[{"embeddable":true,"href":"https:\/\/bokaycreations.fr\/index.php\/wp-json\/wp\/v2\/comments?post=12"}],"version-history":[{"count":5,"href":"https:\/\/bokaycreations.fr\/index.php\/wp-json\/wp\/v2\/pages\/12\/revisions"}],"predecessor-version":[{"id":9955,"href":"https:\/\/bokaycreations.fr\/index.php\/wp-json\/wp\/v2\/pages\/12\/revisions\/9955"}],"wp:attachment":[{"href":"https:\/\/bokaycreations.fr\/index.php\/wp-json\/wp\/v2\/media?parent=12"}],"curies":[{"name":"wp","href":"https:\/\/api.w.org\/{rel}","templated":true}]}}