{"id":9710,"date":"2025-07-06T21:37:14","date_gmt":"2025-07-06T19:37:14","guid":{"rendered":"https:\/\/bokaycreations.fr\/?page_id=9710"},"modified":"2025-07-06T21:37:16","modified_gmt":"2025-07-06T19:37:16","slug":"decoration","status":"publish","type":"page","link":"https:\/\/bokaycreations.fr\/index.php\/decoration\/","title":{"rendered":"D\u00e9coration"},"content":{"rendered":"\n<p><\/p>\n\n\n\n<p>Je vous propose divers objets de d\u00e9coration imagin\u00e9s et r\u00e9alis\u00e9s dans mon atelier au Cannet des Maures dans le Var.<\/p>\n\n\n\n<p><\/p>\n\n\n\n<div class=\"wp-block-group alignwide has-global-padding is-layout-constrained wp-container-core-group-is-layout-7c37d1e3 wp-block-group-is-layout-constrained\" style=\"margin-top:0px;margin-bottom:80px;padding-top:0;padding-right:var(--wp--preset--spacing--30);padding-bottom:0;padding-left:var(--wp--preset--spacing--30)\"><\/div>\n","protected":false},"excerpt":{"rendered":"<p>Je vous propose divers objets de d\u00e9coration imagin\u00e9s et r\u00e9alis\u00e9s dans mon atelier au Cannet des Maures dans le Var.<\/p>\n","protected":false},"author":1,"featured_media":0,"parent":0,"menu_order":0,"comment_status":"closed","ping_status":"closed","template":"","meta":{"footnotes":""},"class_list":["post-9710","page","type-page","status-publish","hentry"],"jetpack_sharing_enabled":true,"_links":{"self":[{"href":"https:\/\/bokaycreations.fr\/index.php\/wp-json\/wp\/v2\/pages\/9710","targetHints":{"allow":["GET"]}}],"collection":[{"href":"https:\/\/bokaycreations.fr\/index.php\/wp-json\/wp\/v2\/pages"}],"about":[{"href":"https:\/\/bokaycreations.fr\/index.php\/wp-json\/wp\/v2\/types\/page"}],"author":[{"embeddable":true,"href":"https:\/\/bokaycreations.fr\/index.php\/wp-json\/wp\/v2\/users\/1"}],"replies":[{"embeddable":true,"href":"https:\/\/bokaycreations.fr\/index.php\/wp-json\/wp\/v2\/comments?post=9710"}],"version-history":[{"count":1,"href":"https:\/\/bokaycreations.fr\/index.php\/wp-json\/wp\/v2\/pages\/9710\/revisions"}],"predecessor-version":[{"id":9711,"href":"https:\/\/bokaycreations.fr\/index.php\/wp-json\/wp\/v2\/pages\/9710\/revisions\/9711"}],"wp:attachment":[{"href":"https:\/\/bokaycreations.fr\/index.php\/wp-json\/wp\/v2\/media?parent=9710"}],"curies":[{"name":"wp","href":"https:\/\/api.w.org\/{rel}","templated":true}]}}